 a = -14 - -39. Suppose -l + a = x, 0*x + l - 48 = -2*x. What are the prime factors of x?
23
Let n = 67 - 30. What are the prime factors of n?
37
Let b = -18 + 74. Let a(r) = r**3 - 6*r**2 - 6*r - 9. Let s be a(7). What are the prime factors of (s/4)/((-4)/b)?
7
Let v = 81 + -17. List the prime factors of v.
2
Suppose 2*j = 106 + 116. Let x = j + -79. What are the prime factors of x?
2
List the prime factors of ((-63)/(-12))/(2/24) - 2.
61
Let t be (-1)/(-5) + 4/(-20). Suppose t = -9*j + 7*j + 94. What are the prime factors of j?
47
Let t(v) = -v + 3. Let w = 8 + -5. Suppose d + 40 = -w*d. List the prime factors of t(d).
13
Let t = 20 - 38. Let o = t + 32. What are the prime factors of o?
2, 7
Let r(g) = -g**2 - 10*g + 9. What are the prime factors of r(-8)?
5
Suppose -2*u - 26 = -3*u. Suppose -49 = -2*p - 3*c, p - 3*c - u = -6. What are the prime factors of p?
23
Suppose -l + 6 = 4*j - 6*l, 0 = j + l + 3. Let r = 1 - j. What are the prime factors of r?
2
Let i(c) = -c**2 - 9*c + 3. Let g(v) = -v**2 + 7*v - 9. Let b be g(7). Let x be i(b). Let o(r) = r**2 - r + 3. List the prime factors of o(x).
3
Suppose -4*p + 178 = 2*b, -2*b - 9 + 61 = p. What are the prime factors of p?
2, 3, 7
Let l(r) be the second derivative of r**5/20 + r**3/6 + 6*r**2 - 3*r. What are the prime factors of l(0)?
2, 3
Suppose 0 = 5*m + 4*i - 71, -4 - 31 = -5*m + 5*i. List the prime factors of m.
11
Let m(n) = 18*n - 25. What are the prime factors of m(9)?
137
Let q = -51 + 77. What are the prime factors of q?
2, 13
Let w(s) = s - 3. Let p be w(4). Let n be (21/(-6))/(p/(-10)). Suppose -d + n = 4*d. What are the prime factors of d?
7
Let q = -13 - 13. Let y = q + 36. List the prime factors of y.
2, 5
Suppose -2*h = -5*x + 366, -78 = -3*x + 2*x - 2*h. List the prime factors of x.
2, 37
Let p be 1/(2 - 14/6). Let i be (p/(-6) + -1)*-12. Suppose z - 2*r - i = 0, 22 = 5*z - 0*r - 2*r. List the prime factors of z.
2
Suppose -10 = -5*q - 30. Let j = 0 - q. List the prime factors of 1 - (1 - -1 - j).
3
Let d = 24 + -108. Let x = -57 - d. Suppose 0 = -2*p + 4, -x + 8 = -5*k - 2*p. List the prime factors of k.
3
Suppose 4*j = -3*u + 9, 0 = 4*j + 7*u - 2*u - 15. Suppose -2*o = -j*o - 30. What are the prime factors of o?
3, 5
Let b(c) = c**2 + 3*c + 1. Let y be b(-2). Let z(t) = 7*t**2 + 1. List the prime factors of z(y).
2
Let j be (6 - 5)/(1/7). Let k(i) = i**3 - 6*i**2 - 7*i + 6. Let u be k(j). Suppose u = q - 8. List the prime factors of q.
2, 7
Suppose 0 = -2*k + 5*k - 5*r + 19, -19 = -2*k - 3*r. Let v be 2/3 - 20/12. List the prime factors of ((-44)/8)/(v/k).
11
Let p(o) be the second derivative of o**5/20 + 2*o**4/3 - 3*o**3/2 + 5*o**2/2 + o. Let i be (-32)/80 - (-86)/(-10). What are the prime factors of p(i)?
5
Suppose 5*d + f - 4*f - 28 = 0, 5*d - 20 = -5*f. Suppose -5*z + 0*g + 3*g = 10, -30 = -5*z - d*g. List the prime factors of (-3)/6*(-8)/z.
2
Suppose 0 = -z + 4*g - 1, -7*z + 5*g = -3*z + 15. Let t = z - -10. Suppose t*d - 39 = 2*d. What are the prime factors of d?
13
Suppose 3*b - 211 = 4*l, 0 = b + 4*l - 29 - 68. What are the prime factors of b?
7, 11
Let w = -11 + 3. Let r be ((-1)/2*w)/1. Suppose -3*j = -4*f - 52, r*j - 2*f = 3*j + 20. What are the prime factors of j?
2, 3
Let y(x) be the second derivative of -x**3/3 - 4*x**2 + 4*x. What are the prime factors of y(-7)?
2, 3
Let g(c) = 3*c**2 - 7*c + 4. What are the prime factors of g(4)?
2, 3
Let y(s) = -s - 8. Let j be y(-8). Suppose j = 3*p - 2*p - 12. What are the prime factors of p?
2, 3
Let r be ((-567)/(-2))/7*-2. What are the prime factors of (12/9)/((-6)/r)?
2, 3
Suppose 3 = -4*f - 1. Let o = f - -13. Let v = o + -8. List the prime factors of v.
2
Let a = 5 - 10. Let z(m) = 7*m + 7. Let k(r) = -6*r - 6. Let l(b) = 4*k(b) + 3*z(b). List the prime factors of l(a).
2, 3
Let g be 198/45 + 2/(-5). Suppose s - g*p - 21 = -p, -4*p = -16. List the prime factors of s.
3, 11
Let f = -18 + 22. What are the prime factors of 6/16*f*8?
2, 3
Let s(v) = -v**3 - 8*v**2 - 2*v - 2. Suppose -3*u - 8 + 2 = 0, q + u - 10 = 0. Suppose -4*o + q = -4*d, 3*d = -o + 2 - 31. List the prime factors of s(d).
2, 7
Suppose -5*c + 770 + 468 = -3*g, -2*c + g = -496. List the prime factors of (-3)/12 + c/8.
31
Let h(c) = -c**3 - 3*c**2 + 2*c + 1. Let q be h(-2). Suppose z + z = 2*i - 30, 2*i - 20 = 4*z. Let j = i + q. List the prime factors of j.
13
Let q(j) = -j**2. Let r(h) = -3*h**2 - 16*h - 12. Let l(y) = -2*q(y) + r(y). What are the prime factors of l(-14)?
2
Let h = -1 + 3. Suppose -32 = -h*y - 14. What are the prime factors of y?
3
Let i = 16 - 7. What are the prime factors of 46/10 - i/15?
2
Let m(t) = t + 3. Let y(f) = -2 + 0*f - 1 - f. Let k(b) = 3*m(b) + 4*y(b). What are the prime factors of k(-7)?
2
Let g = -22 + 24. What are the prime factors of 10*g + 3/(-3)?
19
Let x(d) be the first derivative of 3*d**2/2 - 3*d + 2. Let v(o) = o - 1. Let j(z) = 7*v(z) - 2*x(z). List the prime factors of j(4).
3
Suppose 8*q - 14*q + 432 = 0. List the prime factors of q.
2, 3
Let k be 6/8 - (-10)/8. Let l be k/7 - 120/(-21). What are the prime factors of ((-8)/l)/(1/(-3))?
2
Let d(j) = -j**2 + 5*j + 5. List the prime factors of d(5).
5
Suppose -2*d + 5*o = -108, -98 + 368 = 5*d - 4*o. What are the prime factors of d?
2, 3
Let t(l) = 3*l - 6. Let j(a) = -2*a + 5. Let u(d) = -6*j(d) - 5*t(d). What are the prime factors of u(-4)?
2, 3
Let a = 33 - 21. Let f be ((-6)/a)/(2/12). What are the prime factors of 0*(-1)/f + 8?
2
Let x = -48 + 72. What are the prime factors of x?
2, 3
Suppose -c + 23 = l - 0*l, -5*l + 111 = c. List the prime factors of l.
2, 11
Let m = 13 - 23. Let k = 5 - m. List the prime factors of k.
3, 5
Suppose 0*l = -2*l + 26. What are the prime factors of l?
13
Let q be (5/(-10))/((-1)/(-78)). Let v = q - -64. List the prime factors of v.
5
Let p = 218 + 45. What are the prime factors of p?
263
Let w(s) = s**2 - 5*s. Suppose -21 - 7 = -4*t. Let y be w(t). What are the prime factors of (-4)/y + (-115)/(-35)?
3
Let y = 11 + 10. What are the prime factors of y?
3, 7
Suppose 0 = 5*s - 27 - 68. Suppose 8 = 3*x - s. List the prime factors of 1*(-3)/(x/(-39)).
13
Let f = 6 - 10. What are the prime factors of 15/(-20) - 35/f?
2
Let q(h) = -h - 1. Let k be q(-3). Let j(g) = 1 - 1 - 3*g**k + 14*g**2. What are the prime factors of j(1)?
11
Let y(n) = -65*n - 2. List the prime factors of y(-1).
3, 7
Let v(b) = 9*b - 8*b - 18 + 6*b. What are the prime factors of v(8)?
2, 19
Suppose -4*c + 13 = 5. Suppose -c*p = 3*v + 1 + 1, -5*p = 2*v - 17. Suppose 0 = -5*y - 3 - 2, -p*h - 5*y = -55. What are the prime factors of h?
2, 3
Suppose -12 = -4*u + 92. Suppose -2*m - 5*j + 23 = 0, 3*m + 5*j = 6*j + u. What are the prime factors of m?
3
Suppose -5*t - 50 = 5*v, -7*v - 40 = -2*v - 5*t. Let f be -3 + (-1*72)/(-4). Let j = f + v. List the prime factors of j.
2, 3
Let z be (-4)/(8/(-6)) - 0 - -27. Let j(g) = -3*g + 1. Let l be j(2). What are the prime factors of (-9)/((z/8)/l)?
2, 3
Let i = 9 + -8. Let v(c) = -3*c + 1 + 2*c + 2*c + i. What are the prime factors of v(5)?
7
Let a(m) = 5*m**2 - 8*m + 12. List the prime factors of a(6).
2, 3
Suppose -5*j + 2*f + 13 = 0, 0 = 3*j - j + f + 2. Suppose -3*u + 2 + j = 0. What are the prime factors of (40/12)/(u/3)?
2, 5
Suppose 3*b - 13 = -1. Suppose -b*s + s = -54. What are the prime factors of s?
2, 3
Let i = 5 + 3. List the prime factors of i.
2
List the prime factors of 1/(-4) + (-543)/(-12).
3, 5
Suppose 3*h + 0*h = 15. Suppose -h*n + n = -16. What are the prime factors of n?
2
Suppose -36*j + 32*j + 40 = 0. What are the prime factors of j?
2, 5
Let j = -2 - 0. Let h be (-3)/2*j/3. What are the prime factors of (h + 0)*(-112)/(-7)?
2
Let r(c) = 3*c**2 + 5*c + 10. List the prime factors of r(6).
2, 37
Suppose -4*n = 5*b - 56, 4*n = 4*b + 2*n - 50. List the prime factors of b.
2, 3
Suppose -2 = 4*z + 10. List the prime factors of ((-14)/(-2))/(z/(-3)).
7
Let a = 8 - 4. Suppose y + 0*y = a. Suppose 4*u = y*s - 40, -3*s + 4*u + 13 = -2*s. What are the prime factors of s?
3
Suppose 4*n - c - 3 = 5*n, -n = -c + 1. Let y(m) = 2*m**2 + m - 2. Let k(g) = 1. Let v(l) = k(l) + y(l). What are the prime factors of v(n)?
5
Let x = 4 - 7. Let k be (-2)/6*x*3. What are the prime factors of k*(0 - (-2)/3)?
2
Let h(i) = -i